pose -67 = 5*t - 2*z + 4, 4*z = 5*t + 77. What is the units digit of (0 + 1)*t/(-1)?
3
Let t be (-2 - -1) + -1 + 72. Suppose -t = -4*v - 2. What is the tens digit of v?
1
Let z(j) = -5*j + 2*j - 3*j - 4 - j**2. Let r be z(-4). Suppose -r*m = -3*n - 5 - 10, -5*m = n - 14. What is the units digit of m?
3
Let d(s) = -s**2 + 15*s - 11. What is the units digit of d(10)?
9
Let i = -1 + 3. Suppose 0*t = y - 4*t + 20, -i*y = 3*t - 15. Let u(r) = r + 18. What is the tens digit of u(y)?
1
Let i be -18*-3*2/(-9). Let w = 18 + i. What is the units digit of (-69)/(-9) - (-2)/w?
8
Suppose 5*u = -5*w + 125, -5*w = -9*w - 5*u + 103. What is the units digit of w?
2
Let r(u) = -u**3 - 13*u**2 - 3*u - 17. What is the tens digit of r(-13)?
2
Let f be (-164)/(-24) - (-1)/6. Suppose -f*g = -3*g - 56. What is the units digit of g?
4
Suppose 0*r + 4*r = 8. Suppose -2*o = 4*y - 4, r*y - y = -o + 3. What is the units digit of o?
4
Let r = 81 - 7. What is the units digit of r?
4
Suppose -7*c + c + 1080 = 0. What is the hundreds digit of c?
1
Let y(s) = -s - 10. Let o be y(-8). Let u be -3 - 18/(o - 0). What is the units digit of (10/u - 0)*3?
5
Suppose -27 = -4*f - 3*p, p + 14 - 4 = 5*f. What is the units digit of 19 + (f + -1)/1?
1
Let x(u) be the third derivative of -23*u**6/120 + u**5/60 - 3*u**2. Let p be x(-1). Suppose -2*a + 5*z = -40, 3*a + p = 5*a - z. What is the tens digit of a?
1
Let g = -21 - -26. Suppose 30 = 3*j + 2*a - 65, -4*j = -g*a - 119. What is the units digit of j?
1
Let k(p) be the third derivative of p**6/120 - p**5/60 - 5*p**4/24 + p**3/2 + 4*p**2. Let i be k(3). What is the units digit of 12/(-18) + 58/i?
9
Suppose -o - o = -4. Let c be 2/(-8)*o*0. Suppose -3*g + 3*s + 48 = c, -50 = -2*g - 2*s - 2*s. What is the units digit of g?
9
Suppose 4*z - 3*t + 2*t - 140 = 0, t = 3*z - 105. What is the units digit of z?
5
Let i(a) be the first derivative of a**3/3 + 3*a**2/2 + 5*a - 1. Let b be i(-4). Suppose 15 = 3*g - 3*m, 0 = g + 2*m - 5*m - b. What is the units digit of g?
3
Let f be (-120)/(-66) + (-2)/(-11). Suppose 0*y - 4*y + 2*x + 72 = 0, -f*y + 44 = -3*x. What is the units digit of y?
6
What is the units digit of (5 - 4)/(3/6 + 0)?
2
What is the hundreds digit of (3 + -4)/(5/(-1385))?
2
Let f = -2 - -5. Suppose -45 = -3*t - 3*n - 12, 29 = f*t + 5*n. What is the tens digit of t?
1
Let j(p) = -2*p**2 - 3*p + 130. What is the tens digit of j(0)?
3
Let q(l) = -l + 1. Let n(f) = f**2 - 9*f - 3. Let w(h) = n(h) + 4*q(h). Let a(m) be the first derivative of w(m). What is the units digit of a(9)?
5
Let v be 2/(-6) + 302/6. Suppose -l - 3*l + v = -c, c - 10 = -l. What is the tens digit of l?
1
Suppose -2*x = -3*x + 113. What is the hundreds digit of x?
1
Let f(h) = -5*h**2 + h - 3. Let x be f(3). Let n = x + 74. What is the units digit of n?
9
Suppose -2*t - x = x - 10, 5*t - 4*x = 25. Let i = -4 + t. What is the units digit of (-1)/(3/(-2) + i)?
2
Suppose 0 = 4*f - 7*f - 207. Let u = f - -113. What is the tens digit of u?
4
Suppose -2*f = 2*x - 136, -3*x - 10 + 78 = f. What is the tens digit of f?
6
Let n(a) = -11*a**3 - 1. Suppose -3*p + 5*r = -13, 4*p = 4*r - 0*r + 12. Let m be n(p). Let g = m + 18. What is the units digit of g?
6
Let n(m) = m**3 - 8*m**2 + 1. Let r be n(8). Suppose -g = r - 3. Suppose -i - g*i = -39. What is the tens digit of i?
1
What is the units digit of 3 - 2 - 1*-9?
0
Suppose 0 = 4*p + 19 - 3. What is the units digit of (1 + (-10)/8)*p?
1
Suppose 4*w + 3*o + 20 = 0, -1 = -2*o - 9. Let v = 4 + w. Suppose 4 = k - v. What is the units digit of k?
6
Let g(a) = a**2 + a + 1. Let t(k) = 5*k**2 + 4*k + 5. Let s(n) = 6*g(n) - t(n). Let m(p) = -3*p**2 + 1. Let c be m(1). What is the units digit of s(c)?
1
Let l(b) = b - 1. Let i be l(-4). Let n be ((-3)/3 + i)*-6. Suppose -y = -5*y + 4*r + n, 3*r + 35 = 4*y. What is the units digit of y?
8
Let z(q) = -2*q - 6. Let f be z(-5). Suppose 2 = -v - f. What is the units digit of (-1)/((-9)/v)*-6?
4
Let x = 1 - -1. Suppose l - 2*i - 5 = -3*i, -i = x*l - 5. Suppose -4 = -l*s - s, 5*o = -s + 14. What is the units digit of o?
2
Suppose 4*k + 7 - 31 = -4*r, 0 = r - 5*k. Suppose -4*w + 4*c - 5 = -25, 0 = -r*c + 25. What is the tens digit of w?
1
Let q = -4 + 5. Suppose -u + 22 = 5*i, -2*u + q = -3. Suppose 0 = 3*t - i*t + 7. What is the units digit of t?
7
Let l(z) = -z**3 + 8*z**2 - 5*z + 5. What is the tens digit of l(5)?
5
Let a(j) = j. Let u be a(4). Let s(g) = g**3 - 2*g**2 - g + 3. What is the units digit of s(u)?
1
Let m be (-1)/(-1)*(-3 - -8). Let w = 9 - 5. Suppose 3*g = w*b - 23, 10*g = -3*b + m*g + 39. What is the units digit of b?
8
Let s be 15 - (0 + -2 - -2). Suppose 0 = 3*r + 3*j - s, 2*r + 0*j - j - 13 = 0. What is the units digit of r?
6
Let i(v) = v**3 - 3*v**2 + v - 1. Let z be i(2). What is the units digit of (-2)/(-2) - (z - -3)?
1
Suppose 4*q + 2 = 10. Suppose 2*u + x = -q*x + 21, -3*u - 2*x + 24 = 0. What is the units digit of u?
6
Let c(i) = 2*i**3 + 4*i**2 - i - 5. Let s be c(-4). What is the units digit of (-22)/77 - s/7?
9
Suppose -6 = -4*r - 4*i - 14, r + 3*i = -2. Let a = 2 + -4. What is the units digit of (a*1)/r + 8?
9
Let y(z) be the third derivative of z**4/12 + z**3/3 - 3*z**2. Suppose -4*i + 2 = -2*h, 5*h - 2 = -4*i + 21. What is the units digit of y(i)?
6
Suppose 0 = 4*k + 12 - 32. Let f be -1 + 12 + k/5. Suppose 3*d - f = d. What is the units digit of d?
6
Suppose s = 2*s - 22. What is the units digit of s?
2
Let u(b) = -21*b**2 + 3*b + 4. Let v be u(-3). Let j = 288 + v. What is the units digit of 4/(-18) - j/(-18)?
5
Suppose -2*c + c + 76 = 0. What is the tens digit of c?
7
Suppose 0 = -t - 2*d + 13, 4*t - 2*d = t + 71. What is the tens digit of t?
2
Let s(x) be the second derivative of -x**6/240 + x**5/120 - x**4/6 + 2*x. Let z(c) be the third derivative of s(c). What is the units digit of z(-4)?
3
Suppose 5*s + 4 = 19. Suppose -s*z = -25 + 1. What is the units digit of z?
8
Let z(l) = -l**3 - 12*l**2 - 2*l - 15. Let m be z(-12). Let u be (0 - 1)*4/(-1). Let x = m - u. What is the units digit of x?
5
What is the units digit of (0 - 6/(-10))*(-7 + 17)?
6
Let p(l) = l**3 - 6*l**2 - 8*l + 10. Let n be p(7). Suppose 0 = -n*d + 10 + 23. What is the units digit of d?
1
Suppose 0 = 2*g + w - 6, -8 = -4*g - w + 6. Let a = -1 + g. What is the units digit of (-33)/(-1*a) + 0?
1
Let l = 29 - -14. What is the units digit of l?
3
What is the tens digit of (-11)/(22/72)*-3?
0
What is the tens digit of 2/8 - 0 - 1414/(-8)?
7
Let g be (-7)/(-2*3/6). Let d = 10 - g. What is the units digit of d?
3
Suppose 3*x + 2*t = 76, 4*t = 2*x - 4*x + 40. Suppose 0 = 2*s - 2*n - x, -2*s + 16 = -n + 3*n. What is the tens digit of s?
1
What is the tens digit of (-12)/42 - (-2883)/21?
3
What is the units digit of (3 - 1) + (-2)/2?
1
Suppose -5*k - 27 = 2*p - 4*p, -3*k = -4*p + 19. What is the units digit of (1 - (p + -6))*1?
6
Suppose -4*n = r - 613, -2*n + r - 206 = -505. What is the tens digit of n?
5
Let j be 3*7/9*3. What is the units digit of j + 34 + -2*1?
9
Suppose 7*v = 4*v + 2*r + 204, 0 = -2*v + 2*r + 136. What is the units digit of v?
8
Suppose -2*z + 35 = 3*z. Let m be (-1)/(-4) - 21/4. Let b = m + z. What is the units digit of b?
2
Suppose 3*m = 2*j + 556, 4*m - j - 1231 + 483 = 0. What is the hundreds digit of m?
1
Suppose -90 = -2*i + 122. What is the tens digit of i?
0
What is the units digit of ((-8)/48 - 28/(-6))*36?
2
Let z(p) = 2*p + 2*p**3 - 3*p**2 - 6*p + 2 + 0. What is the tens digit of z(3)?
1
Suppose -5*z - 3*k + 90 = -z, z + 5*k = 14. Let t = z + -8. What is the tens digit of t?
1
Suppose -20 = -2*q - 2*q. Suppose -3*w + 2*w - q*a = -9, 0 = 2*w + 3*a - 4. What is the units digit of 12 + w + -1 - 2?
8
Let g = 12 - 7. Suppose -5*i - 10 = v, 4*v - 1 = -2*i - g. Suppose v = -z - 3 + 18. What is the tens digit of z?
1
Suppose -4*s + 90 = 2*k - 5*k, -2*k - 20 = -s. What is the tens digit of s?
2
Let t = -10 + 20. Let h = 14 - t. What is the units digit of (-4)/16 - (-5)/h?
1
Let b(q) = q**3 - 6*q**2 + 6*q - 6. Let u be b(5). Let l be 12*3*u/(-3). Suppose -4*o = -3*f - l, 3*o - 8 = -f + 14. What is the units digit of o?
6
Suppose 2*o - 16 = -2*o. What is the units digit of o?
4
Suppose -4*u + 2*m = -m - 45, -3*m = u - 30. What is the units digit of u?
5
Let p = -9 - 5. 